 636 is divided by 36.
24
What is the remainder when 341 is divided by 114?
113
Calculate the remainder when 251 is divided by 136.
115
What is the remainder when 247 is divided by 81?
4
Calculate the remainder when 126 is divided by 22.
16
What is the remainder when 1406 is divided by 16?
14
What is the remainder when 36 is divided by 7?
1
Calculate the remainder when 442 is divided by 134.
40
Calculate the remainder when 437 is divided by 40.
37
What is the remainder when 738 is divided by 37?
35
Calculate the remainder when 5697 is divided by 60.
57
What is the remainder when 63 is divided by 59?
4
What is the remainder when 422 is divided by 197?
28
Calculate the remainder when 8 is divided by 5.
3
What is the remainder when 351 is divided by 92?
75
Calculate the remainder when 73 is divided by 22.
7
Calculate the remainder when 646 is divided by 212.
10
What is the remainder when 125 is divided by 20?
5
Calculate the remainder when 109 is divided by 78.
31
What is the remainder when 168 is divided by 43?
39
Calculate the remainder when 54 is divided by 14.
12
What is the remainder when 177 is divided by 12?
9
What is the remainder when 358 is divided by 79?
42
What is the remainder when 250 is divided by 70?
40
Calculate the remainder when 2028 is divided by 20.
8
Calculate the remainder when 1814 is divided by 33.
32
What is the remainder when 202 is divided by 59?
25
Calculate the remainder when 3995 is divided by 37.
36
What is the remainder when 24 is divided by 16?
8
What is the remainder when 284 is divided by 24?
20
Calculate the remainder when 432 is divided by 110.
102
Calculate the remainder when 8684 is divided by 202.
200
Calculate the remainder when 822 is divided by 11.
8
What is the remainder when 89 is divided by 33?
23
Calculate the remainder when 4855 is divided by 60.
55
What is the remainder when 391 is divided by 139?
113
Calculate the remainder when 139 is divided by 4.
3
Calculate the remainder when 90 is divided by 31.
28
Calculate the remainder when 219 is divided by 45.
39
What is the remainder when 1621 is divided by 102?
91
Calculate the remainder when 8698 is divided by 50.
48
Calculate the remainder when 1151 is divided by 189.
17
Calculate the remainder when 1078 is divided by 135.
133
What is the remainder when 8249 is divided by 75?
74
What is the remainder when 564 is divided by 67?
28
What is the remainder when 427 is divided by 144?
139
What is the remainder when 1887 is divided by 42?
39
What is the remainder when 582 is divided by 580?
2
What is the remainder when 101 is divided by 93?
8
What is the remainder when 224 is divided by 26?
16
What is the remainder when 278 is divided by 94?
90
Calculate the remainder when 95 is divided by 48.
47
What is the remainder when 595 is divided by 203?
189
What is the remainder when 453 is divided by 162?
129
What is the remainder when 337 is divided by 20?
17
What is the remainder when 54 is divided by 2?
0
What is the remainder when 331 is divided by 145?
41
Calculate the remainder when 3954 is divided by 24.
18
What is the remainder when 125 is divided by 59?
7
What is the remainder when 149 is divided by 25?
24
Calculate the remainder when 541 is divided by 26.
21
Calculate the remainder when 48 is divided by 6.
0
What is the remainder when 1347 is divided by 28?
3
Calculate the remainder when 424 is divided by 208.
8
Calculate the remainder when 171 is divided by 56.
3
What is the remainder when 110 is divided by 37?
36
Calculate the remainder when 45 is divided by 23.
22
What is the remainder when 252 is divided by 56?
28
What is the remainder when 1287 is divided by 1282?
5
What is the remainder when 211 is divided by 83?
45
What is the remainder when 106 is divided by 43?
20
What is the remainder when 514 is divided by 165?
19
Calculate the remainder when 186 is divided by 120.
66
What is the remainder when 114 is divided by 17?
12
Calculate the remainder when 2207 is divided by 46.
45
Calculate the remainder when 3528 is divided by 100.
28
Calculate the remainder when 296 is divided by 23.
20
What is the remainder when 21 is divided by 6?
3
Calculate the remainder when 25 is divided by 23.
2
Calculate the remainder when 195 is divided by 10.
5
Calculate the remainder when 610 is divided by 5.
0
Calculate the remainder when 615 is divided by 172.
99
What is the remainder when 997 is divided by 49?
17
Calculate the remainder when 1260 is divided by 201.
54
Calculate the remainder when 335 is divided by 24.
23
What is the remainder when 3650 is divided by 118?
110
Calculate the remainder when 114 is divided by 108.
6
Calculate the remainder when 13 is divided by 11.
2
Calculate the remainder when 101 is divided by 52.
49
Calculate the remainder when 162 is divided by 34.
26
What is the remainder when 324 is divided by 11?
5
Calculate the remainder when 1612 is divided by 77.
72
What is the remainder when 2372 is divided by 95?
92
What is the remainder when 526 is divided by 66?
64
What is the remainder when 245 is divided by 18?
11
What is the remainder when 706 is divided by 233?
7
What is the remainder when 224 is divided by 15?
14
Calculate the remainder when 574 is divided by 31.
16
What is the remainder when 46 is divided by 9?
1
Calculate the remainder when 132 is divided by 35.
27
What is the remainder when 601 is divided by 204?
193
Calculate the remainder when 1925 is divided by 7.
0
Calculate the remainder when 748 is divided by 99.
55
Calculate the remainder when 148 is divided by 4.
0
Calculate the remainder when 304 is divided by 48.
16
Calculate the remainder when 962 is divided by 312.
26
What is the remainder when 579 is divided by 99?
84
Calculate the remainder when 266 is divided by 23.
13
What is the remainder when 233 is divided by 38?
5
What is the remainder when 1272 is divided by 75?
72
Calculate the remainder when 229 is divided by 7.
5
What is the remainder when 941 is divided by 308?
17
Calculate the remainder when 805 is divided by 72.
13
What is the remainder when 478 is divided by 16?
14
What is the remainder when 363 is divided by 52?
51
Calculate the remainder when 544 is divided by 55.
49
What is the remainder when 27 is divided by 8?
3
What is the remainder when 10164 is divided by 4?
0
Calculate the remainder when 561 is divided by 30.
21
Calculate the remainder when 22558 is divided by 376.
374
Calculate the remainder when 318 is divided by 291.
27
Calculate the remainder when 466 is divided by 18.
16
Calculate the remainder when 483 is divided by 45.
33
What is the remainder when 339 is divided by 67?
4
Calculate the remainder when 304 is divided by 104.
96
Calculate the remainder when 496 is divided by 50.
46
What is the remainder when 270 is divided by 91?
88
What is the remainder when 964 is divided by 17?
12
Calculate the remainder when 14957 is divided by 272.
269
Calculate the remainder when 488 is divided by 472.
16
Calculate the remainder when 558 is divided by 47.
41
What is the remainder when 3430 is divided by 17?
13
Calculate the remainder when 528 is divided by 175.
3
What is the remainder when 2288 is divided by 59?
46
What is the remainder when 453 is divided by 9?
3
Calculate the remainder when 1481 is divided by 740.
1
Calculate the remainder when 1769 is divided by 371.
285
What is the remainder when 410 is divided by 130?
20
Calculate the remainder when 781 is divided by 113.
103
What is the remainder when 855 is divided by 78?
75
Calculate the remainder when 499 is divided by 167.
165
What is the remainder when 1856 is divided by 66?
8
Calculate the remainder when 184 is divided by 177.
7
What is the remainder when 164 is divided by 129?
35
What is the remainder when 243 is divided by 112?
19
Calculate the remainder when 1058 is divided by 127.
42
Calculate the remainder when 2204 is divided by 105.
104
What is the remainder when 242 is divided by 224?
18
Calculate the remainder when 776 is divided by 65.
61
Calculate the remainder when 140 is divided by 13.
10
What is the remainder when 489 is divided by 120?
9
Calculate the remainder when 353 is divided by 23.
8
Calculate the remainder when 52 is divided by 5.
2
Calculate the remainder when 515 is divided by 106.
91
What is the remainder when 45